{"id":101,"date":"2022-09-18T00:21:37","date_gmt":"2022-09-18T00:21:37","guid":{"rendered":"https:\/\/oberes-tor.de\/wp\/?page_id=101"},"modified":"2022-11-20T16:34:36","modified_gmt":"2022-11-20T16:34:36","slug":"startseite","status":"publish","type":"page","link":"https:\/\/oberes-tor.de\/","title":{"rendered":"Home"},"content":{"rendered":"\n\n\n<h1>Oberes-Tor<\/h1>\n\n\n\n\n\n\n\n\n<h2>Oberes Tor<\/h2>\n<h6>Ferienwohnung f\u00fcr bis zu 6 Personen<\/h6>\n<p>Das Obere Tor ist der Eingang zum Historischen Ortskern von Heiligkreuztal. Und bietet f\u00fcr Sie den Idealen Ort um die Idyllische Umgebung des 250 Einwohner Dorfes zu erkunden. In direkter Nachbarschaft liegt auch das weit \u00fcber die Landesgrenzen hinweg bekannte Kloster Heiligkreuztal zusammen mit der M\u00fcnster Kirche des Ehemaligen Zisterizensinnen Klosters.<\/p>\n<p>Das Obere Tor ist ein ehemaliges Torhaus des Klosters Heiligkreuztal und Inzwischen seit Jahrzehnten in Privatbesitz. Hier wurde inzwischen die auf dieser Seite beschriebene Ferienwohnung OBERES-TOR f\u00fcr Sie hergerichtet.<\/p>\n<p>Heiligkreuztal bietet neben dem Kloster auch den Anschluss an den Donau-Radwanderweg welcher direkt durch das Dorf f\u00fchrt. Perfekt als Homebase f\u00fcr Ihren Ausflug. Nicht weit entfernt ist auch die Heuneburg.<br><br><\/p>\n\n\n\n\n\n\n\n\n\n<h2>Rund um<\/h2>\n<h1>Heiligkreuztal<\/h1>\n<p>Das Idyllische Heiligkreuztal zusammen mit dem weit \u00fcber die Landesgrenzen bekannten Kloster Heiligkreuztal bietet viele Sehensw\u00fcrdigkeiten und schlie\u00dft ebenfalls direkt an den bekannten Donau Radwanderweg an.<\/p>\n<p>Der Ideale Ort f\u00fcr Entspannung und zur Erkundung der Umgebung. Dazu finden Sie anbei einige bekannte Sehensw\u00fcrdigkeiten in der Umgebung, damit Sie das nicht selbst machen m\u00fcssen.<\/p>\n\n\n\n\n\n\n\n\n\n<h2>Austattung<\/h2>\n\n<p class=\"MsoNormal\" style=\"line-height:normal\">&nbsp;TV, kostenloses WLAN, Radio, Kaffeemaschine, Grillm\u00f6glichkeit, Unterstellplatz\n&nbsp;f\u00fcr Fahrr\u00e4der und Ladem\u00f6glichkeit f\u00fcr\nE-Bikes.&nbsp;<o:p><\/o:p><\/p>\n\n\n\n<p style=\"color: rgb(255, 255, 255);\">Ein Doppel-Bett u<span style=\"background-color:#ffffff;\"><\/span>nd 2 Einzelbetten im Wohnzimmer. Optional k\u00f6nnen in der Galerie weitere 2 Personen n\u00e4chtigen<\/p>\n\n\n<p style=\"color: rgb(255, 255, 255);\">Im Obergeschoss der Wohnung befindet sich die Kunstaustellung des, im Nachbarhaus wohenden K\u00fcnstlers Enzo Soravia<\/p>\n\n\n<p class=\"MsoNormal\" style=\"line-height:normal\"><span style=\"color:#ffffff;\">Im Preis enthalten sind\nBettw\u00e4sche und Hand- und K\u00fcchent\u00fccher. Zahlbar bei Anreise in bar.<\/span><o:p><\/o:p><\/p>\n\n\n<p style=\"color: rgb(255, 255, 255);\">Badezimmer mit Badewanne, Dusche, Waschbecken und WC<\/p>\n\n\n\n\n\n\n\n<h2>Die Ferienwohnung Oberes-Tor<\/h2>\n\n<span style=\"font-size: 16px; text-align: left; text-decoration-style: initial;\">Unsere Ferienwohnung befindet sich, ganz romantisch, im ehemaligen Torhaus des Klosters Heiligkreuztal. Sie besteht aus einem Schlafzimmer mit Doppelbett, einem Wohn-Schlafzimmer&nbsp; mit 2 Einzelbetten, Wohnk\u00fcche, Flur mit Esstisch und einem Badezimmer mit Badewanne, Dusche, Waschbecken und WC. Ein kleiner sehr mediterran wirkender Garten mit Sitzplatz steht ebenfalls zur Verf\u00fcgung.<\/span><br style=\"text-decoration-style: initial; font-size: 16px; text-align: left;\"><p><br><\/p>\n\n\n\n\n\n\n<h5>F\u00fcr 1 &#8211; 4 Personen <br><\/h5>\n<p>50\u20ac pro Nacht<\/p>\n<p>+ 35\u20ac einmalige Grundreinigung<\/p>\n<p>&#8211; Optional +2 Personen: 15\u20ac zwei zus\u00e4tzliche Schlafm\u00f6glichkeit in der Galerie<\/p>\n<p class=\"MsoNormal\" style=\"line-height:normal\">Im Preis enthalten sind\nBettw\u00e4sche und Hand- und K\u00fcchent\u00fccher. Zahlbar bei Anreise in bar.<o:p><\/o:p><\/p>\n<p class=\"MsoNormal\" style=\"line-height:normal\"><br>Sie besteht aus einem\nSchlafzimmer mit Doppelbett, einem Wohn-Schlafzimmer&nbsp; mit 2 Einzelbetten, Wohnk\u00fcche, Flur mit\nEsstisch und einem Badezimmer mit Badewanne, Dusche, Waschbecken und WC. Ein\nkleiner sehr mediterran wirkender Garten mit Sitzplatz steht ebenfalls zur\nVerf\u00fcgung. <br><br><o:p><\/o:p><\/p><p class=\"MsoNormal\" style=\"line-height:normal\">Im Obergeschoss der Wohnung\nbefindet die Kunstaustellung des, im Nachbarhaus wohnenden K\u00fcnstlers Enzo\nSoravia, mit zwei zus\u00e4tzlichen Schlafm\u00f6glichkeiten. Diese k\u00f6nnen, nach\nAbsprache, dazu gebucht werden. Schlafen inmitten wundersch\u00f6ner Holzskulpturen.<br><br><o:p><\/o:p><\/p><p>\n\n\n\n<\/p><p class=\"MsoNormal\" style=\"line-height:normal\">Zur Ausstattung der Wohnung\ngeh\u00f6ren: TV, kostenloses WLAN, Radio, Kaffeemaschine, Grillm\u00f6glichkeit, Unterstellplatz\n&nbsp;f\u00fcr Fahrr\u00e4der und Ladem\u00f6glichkeit f\u00fcr\nE-Bikes.&nbsp;<br><br><br><o:p><\/o:p><\/p>\n\n\n\n\n\n\n\n\n\n\n\n\n\n<h1>news<\/h1>\n\n<div id=\"bdpp-post-masonry-1\" class=\"bdpp-wrap bdpp-lite bdpp-post-masonry-wrap bdpp-post-grid-wrap bdpp-post-data-wrap bdpp-design-2 bdpp-effect-1 bdpp-grid-3  bdpp-clearfix\">\r\n\t<div class=\"bdpp-post-masonry-inr-wrap bdpp-post-data-inr-wrap bdpp-clearfix\"><div class=\"bdpp-post-grid bdpp-col-3 bdpp-columns bdpp-post-231 bdpp-post-standard bdpp-has-thumb\">\r\n\t<div class=\"bdpp-post-grid-content\">\r\n\t\t\t\t<div class=\"bdpp-post-img-bg\">\r\n\t\t\t<a href=\"https:\/\/oberes-tor.de\/?p=231\">\r\n\t\t\t\t<img decoding=\"async\" src=\"https:\/\/oberes-tor.de\/wp-content\/uploads\/2022\/09\/ETK_7418-683x1024.jpg?v=1663546839\" class=\"bdpp-img bdpp-post-feat-img\" alt=\"K\u00fcnstler Enzo Soravia stellt aus\" \/>\r\n\t\t\t<\/a>\r\n\t\t<\/div>\r\n\t\t\r\n\t\t<div class=\"bdpp-post-margin-content\">\r\n\t\t\t\r\n\t\t\t<h2 class=\"bdpp-post-title\">\r\n\t\t\t\t<a href=\"https:\/\/oberes-tor.de\/?p=231\">K\u00fcnstler Enzo Soravia stellt aus<\/a>\r\n\t\t\t<\/h2>\r\n\r\n\t\t\t\t\t\t<div class=\"bdpp-post-meta bdpp-post-meta-up\">\r\n\t\t\t\t<span class=\"bdpp-post-meta-data bdpp-post-date\"><i class=\"bdpp-fa fa-regular fa-clock\"><\/i>19. September 2022<\/span>\t\t\t<\/div>\r\n\t\t\t\t\t\t<div class=\"bdpp-post-content\">\r\n\t\t\t\t<div class=\"bdpp-post-desc\">In der Galerie der Ferienwohnung befindet sich die aktuelle Ausstellung des lokalen K\u00fcnstlers Enzo Soravia die Sie w\u00e4hrend Ihres Aufenthalts bewundern k\u00f6nnen<\/div>\r\n\t\t\t\t\t\t\t\t<a href=\"https:\/\/oberes-tor.de\/?p=231\" class=\"bdpp-rdmr-btn\">Weiterlesen<\/a>\r\n\t\t\t\t\t\t\t<\/div>\r\n\t\t\t\t\t<\/div>\r\n\t<\/div>\r\n<\/div><div class=\"bdpp-post-grid bdpp-col-3 bdpp-columns bdpp-post-155 bdpp-post-standard bdpp-has-thumb\">\r\n\t<div class=\"bdpp-post-grid-content\">\r\n\t\t\t\t<div class=\"bdpp-post-img-bg\">\r\n\t\t\t<a href=\"https:\/\/oberes-tor.de\/?p=155\">\r\n\t\t\t\t<img decoding=\"async\" src=\"https:\/\/oberes-tor.de\/wp-content\/uploads\/2022\/09\/home3-1-e1663527586611.jpg\" class=\"bdpp-img bdpp-post-feat-img\" alt=\"Unsere W\u00fcnsche\" \/>\r\n\t\t\t<\/a>\r\n\t\t<\/div>\r\n\t\t\r\n\t\t<div class=\"bdpp-post-margin-content\">\r\n\t\t\t\r\n\t\t\t<h2 class=\"bdpp-post-title\">\r\n\t\t\t\t<a href=\"https:\/\/oberes-tor.de\/?p=155\">Unsere W\u00fcnsche<\/a>\r\n\t\t\t<\/h2>\r\n\r\n\t\t\t\t\t\t<div class=\"bdpp-post-meta bdpp-post-meta-up\">\r\n\t\t\t\t<span class=\"bdpp-post-meta-data bdpp-post-date\"><i class=\"bdpp-fa fa-regular fa-clock\"><\/i>18. September 2022<\/span>\t\t\t<\/div>\r\n\t\t\t\t\t\t<div class=\"bdpp-post-content\">\r\n\t\t\t\t<div class=\"bdpp-post-desc\">Wir w\u00fcnschen Ihnen einen wundersch\u00f6nen Aufenthalt bei uns im Haus. Wir m\u00f6chten Sie bitten, sich an folgende Ma\u00dfnahmen zu halten F\u00fcr alle Fragen ihrerseits stehen wir selbstverst\u00e4ndlich immer zur Verf\u00fcgung.<\/div>\r\n\t\t\t\t\t\t\t\t<a href=\"https:\/\/oberes-tor.de\/?p=155\" class=\"bdpp-rdmr-btn\">Weiterlesen<\/a>\r\n\t\t\t\t\t\t\t<\/div>\r\n\t\t\t\t\t<\/div>\r\n\t<\/div>\r\n<\/div>\t<\/div>\r\n\t<\/div>\n\n\n\n\n\n\n\n<h1>Sehensw\u00fcrdigkeiten<\/h1>\n\n\n\n<div style=\"text-align: left;\"><span style=\"color: rgb(255, 255, 255);\">Besichtigen Sie das wundersch\u00f6ne Kloster welches Heligikreuztal seinen Namen gab.<\/span><\/div>\n\n\n<p style=\"text-align: left;\"><span style=\"color: rgb(255, 255, 255);\">Mitten in Heiligkreuztal gelegen liegt eine Idyllische Weiheranlage die zum verweilen einladet.<\/span><\/p><p style=\"text-align: center;\"><br><\/p>\n\n\n<div style=\"text-align: left;\"><font color=\"#ffffff\">Das Heuneburgmuseum in Hundersingen ist in der ehemaligen Zehntscheuer des Klosters Heiligkreuztal untergebracht. Die Forschungsergebnisse der arch\u00e4ologischen Ausgrabungen auf der Heuneburg werden anschaulich dargestellt. Neue Fundst\u00fccke aus j\u00fcngst entdeckten Gr\u00e4bern in der Umgebung der Heuneburg sind vor kurzem dazugekommen.<\/font><\/div>\n\n\n\n\n\n\n\n\n\n\n\n<p style=\"text-align: center;\"><br><\/p>\n\n\n\n\n<p style=\"text-align: left;\"><span style=\"color: rgb(255, 255, 255);\">Zwischen Bussen und Schw\u00e4bischer Alb, inmitten einer Bilderbuchlandschaft mit weiten Wiesen und Feldern, liegt das traditionsreiche St\u00e4dtchen Riedlingen. Liebens- und erhaltenswert: Hier flie\u00dft die Donau direkt entlang des mit Fachwerkh\u00e4usern geschm\u00fcckten Stadtkerns. Die Altstadt steht beinahe vollkommen unter Denkmalschutz. T\u00fcrme und Tore, stolze B\u00fcrgerh\u00e4user, Fachwerkgiebel, sch\u00f6ne Pl\u00e4tze und verwinkelte Gassen voller Geschichte pr\u00e4gen das Gesicht der Donaustadt eines der sch\u00f6nsten in Oberschwaben.<\/span><br><\/p>\n\n\n<p style=\"text-align: left;\"><font color=\"#ffffff\">Erleben Sie die Faszination des Mittelalters bei einem Besuch der Bachritterburg &#8211; einer einfachen Holzburg, wie sie auch ein oberschw\u00e4bischer Kleinadliger des Mittelalters bewohnt haben k\u00f6nnte.<\/font><\/p><p style=\"text-align: left;\"><span style=\"color: rgb(255, 255, 255);\">Der vollst\u00e4ndig rekonstuierte Nachbau gibt Ihnen als Besucher, die Chance, Ihre Fantasie spielen zu lassen und als Gast des Burgherren und dessen Gefolge \u00fcber den Burghof zu ziehen, in der &#8222;Guten Stube&#8220; im Burgturm am warmen Ofen zu sitzen und auch das Leben der Bauern n\u00e4her kennen zu lernen.<\/span><\/p>\n\n\n<p style=\"text-align: left;\"><font color=\"#ffffff\">Der Federseesteg, das Federseemor, das Federseemuseum, das Gesundheitszentrum Federsee, die Adelindis Therme: Und alles geht zu Fu\u00df. Eine Promenade durch unsere kleine Stadt und einen Kaffee zwischendurch &#8211; das ist entschleunigende Lebensqualit\u00e4t.<\/font><br><\/p>\n\n\n\n\n\n\n<h2>SO erreichen Sie uns<\/h2>\n<h5>Eva Str\u00f6bele und Uli Hirsch<\/h5>\n\n\n\n\n\n\n\n\n\n\n<iframe src=\"https:\/\/www.google.com\/maps\/embed?pb=!1m18!1m12!1m3!1d332.8396479949049!2d9.405172722450871!3d48.13497718608104!2m3!1f0!2f0!3f0!3m2!1i1024!2i768!4f13.1!3m3!1m2!1s0x479a3117fe42bcb7%3A0x2d67ddcc125d5b8c!2sFerienwohnung%20%22Oberes%20Tor%22!5e0!3m2!1sde!2sde!4v1663451182486!5m2!1sde!2sde\" width=\"100%%\" height=\"450\" style=\"border:0;\" allowfullscreen=\"\" loading=\"lazy\" referrerpolicy=\"no-referrer-when-downgrade\"><\/iframe>\n\n\n","protected":false},"excerpt":{"rendered":"","protected":false},"author":1,"featured_media":0,"parent":0,"menu_order":0,"comment_status":"closed","ping_status":"closed","template":"","meta":{"pagelayer_contact_templates":[],"_pagelayer_content":"","footnotes":""},"class_list":["post-101","page","type-page","status-publish","hentry"],"_links":{"self":[{"href":"https:\/\/oberes-tor.de\/index.php?rest_route=\/wp\/v2\/pages\/101","targetHints":{"allow":["GET"]}}],"collection":[{"href":"https:\/\/oberes-tor.de\/index.php?rest_route=\/wp\/v2\/pages"}],"about":[{"href":"https:\/\/oberes-tor.de\/index.php?rest_route=\/wp\/v2\/types\/page"}],"author":[{"embeddable":true,"href":"https:\/\/oberes-tor.de\/index.php?rest_route=\/wp\/v2\/users\/1"}],"replies":[{"embeddable":true,"href":"https:\/\/oberes-tor.de\/index.php?rest_route=%2Fwp%2Fv2%2Fcomments&post=101"}],"version-history":[{"count":33,"href":"https:\/\/oberes-tor.de\/index.php?rest_route=\/wp\/v2\/pages\/101\/revisions"}],"predecessor-version":[{"id":292,"href":"https:\/\/oberes-tor.de\/index.php?rest_route=\/wp\/v2\/pages\/101\/revisions\/292"}],"wp:attachment":[{"href":"https:\/\/oberes-tor.de\/index.php?rest_route=%2Fwp%2Fv2%2Fmedia&parent=101"}],"curies":[{"name":"wp","href":"https:\/\/api.w.org\/{rel}","templated":true}]}}

<h1>Oberes-Tor</h1>








<h2>Oberes Tor</h2>
<h6>Ferienwohnung für bis zu 6 Personen</h6>
<p>Das Obere Tor ist der Eingang zum Historischen Ortskern von Heiligkreuztal. Und bietet für Sie den Idealen Ort um die Idyllische Umgebung des 250 Einwohner Dorfes zu erkunden. In direkter Nachbarschaft liegt auch das weit über die Landesgrenzen hinweg bekannte Kloster Heiligkreuztal zusammen mit der Münster Kirche des Ehemaligen Zisterizensinnen Klosters.</p>
<p>Das Obere Tor ist ein ehemaliges Torhaus des Klosters Heiligkreuztal und Inzwischen seit Jahrzehnten in Privatbesitz. Hier wurde inzwischen die auf dieser Seite beschriebene Ferienwohnung OBERES-TOR für Sie hergerichtet.</p>
<p>Heiligkreuztal bietet neben dem Kloster auch den Anschluss an den Donau-Radwanderweg welcher direkt durch das Dorf führt. Perfekt als Homebase für Ihren Ausflug. Nicht weit entfernt ist auch die Heuneburg.<br><br></p>









<h2>Rund um</h2>
<h1>Heiligkreuztal</h1>
<p>Das Idyllische Heiligkreuztal zusammen mit dem weit über die Landesgrenzen bekannten Kloster Heiligkreuztal bietet viele Sehenswürdigkeiten und schließt ebenfalls direkt an den bekannten Donau Radwanderweg an.</p>
<p>Der Ideale Ort für Entspannung und zur Erkundung der Umgebung. Dazu finden Sie anbei einige bekannte Sehenswürdigkeiten in der Umgebung, damit Sie das nicht selbst machen müssen.</p>









<h2>Austattung</h2>

<p class="MsoNormal" style="line-height:normal">&nbsp;TV, kostenloses WLAN, Radio, Kaffeemaschine, Grillmöglichkeit, Unterstellplatz
&nbsp;für Fahrräder und Lademöglichkeit für
E-Bikes.&nbsp;<o:p></o:p></p>



<p style="color: rgb(255, 255, 255);">Ein Doppel-Bett u<span style="background-color:#ffffff;"></span>nd 2 Einzelbetten im Wohnzimmer. Optional können in der Galerie weitere 2 Personen nächtigen</p>


<p style="color: rgb(255, 255, 255);">Im Obergeschoss der Wohnung befindet sich die Kunstaustellung des, im Nachbarhaus wohenden Künstlers Enzo Soravia</p>


<p class="MsoNormal" style="line-height:normal"><span style="color:#ffffff;">Im Preis enthalten sind
Bettwäsche und Hand- und Küchentücher. Zahlbar bei Anreise in bar.</span><o:p></o:p></p>


<p style="color: rgb(255, 255, 255);">Badezimmer mit Badewanne, Dusche, Waschbecken und WC</p>







<h2>Die Ferienwohnung Oberes-Tor</h2>

<span style="font-size: 16px; text-align: left; text-decoration-style: initial;">Unsere Ferienwohnung befindet sich, ganz romantisch, im ehemaligen Torhaus des Klosters Heiligkreuztal. Sie besteht aus einem Schlafzimmer mit Doppelbett, einem Wohn-Schlafzimmer&nbsp; mit 2 Einzelbetten, Wohnküche, Flur mit Esstisch und einem Badezimmer mit Badewanne, Dusche, Waschbecken und WC. Ein kleiner sehr mediterran wirkender Garten mit Sitzplatz steht ebenfalls zur Verfügung.</span><br style="text-decoration-style: initial; font-size: 16px; text-align: left;"><p><br></p>






<h5>Für 1 &#8211; 4 Personen <br></h5>
<p>50€ pro Nacht</p>
<p>+ 35€ einmalige Grundreinigung</p>
<p>&#8211; Optional +2 Personen: 15€ zwei zusätzliche Schlafmöglichkeit in der Galerie</p>
<p class="MsoNormal" style="line-height:normal">Im Preis enthalten sind
Bettwäsche und Hand- und Küchentücher. Zahlbar bei Anreise in bar.<o:p></o:p></p>
<p class="MsoNormal" style="line-height:normal"><br>Sie besteht aus einem
Schlafzimmer mit Doppelbett, einem Wohn-Schlafzimmer&nbsp; mit 2 Einzelbetten, Wohnküche, Flur mit
Esstisch und einem Badezimmer mit Badewanne, Dusche, Waschbecken und WC. Ein
kleiner sehr mediterran wirkender Garten mit Sitzplatz steht ebenfalls zur
Verfügung. <br><br><o:p></o:p></p><p class="MsoNormal" style="line-height:normal">Im Obergeschoss der Wohnung
befindet die Kunstaustellung des, im Nachbarhaus wohnenden Künstlers Enzo
Soravia, mit zwei zusätzlichen Schlafmöglichkeiten. Diese können, nach
Absprache, dazu gebucht werden. Schlafen inmitten wunderschöner Holzskulpturen.<br><br><o:p></o:p></p><p>



</p><p class="MsoNormal" style="line-height:normal">Zur Ausstattung der Wohnung
gehören: TV, kostenloses WLAN, Radio, Kaffeemaschine, Grillmöglichkeit, Unterstellplatz
&nbsp;für Fahrräder und Lademöglichkeit für
E-Bikes.&nbsp;<br><br><br><o:p></o:p></p>













<h1>news</h1>

<div id="bdpp-post-masonry-1" class="bdpp-wrap bdpp-lite bdpp-post-masonry-wrap bdpp-post-grid-wrap bdpp-post-data-wrap bdpp-design-2 bdpp-effect-1 bdpp-grid-3  bdpp-clearfix">
	<div class="bdpp-post-masonry-inr-wrap bdpp-post-data-inr-wrap bdpp-clearfix"><div class="bdpp-post-grid bdpp-col-3 bdpp-columns bdpp-post-231 bdpp-post-standard bdpp-has-thumb">
	<div class="bdpp-post-grid-content">
				<div class="bdpp-post-img-bg">
			<a href="https://oberes-tor.de/?p=231">
				<img decoding="async" src="https://oberes-tor.de/wp-content/uploads/2022/09/ETK_7418-683x1024.jpg?v=1663546839" class="bdpp-img bdpp-post-feat-img" alt="Künstler Enzo Soravia stellt aus" />
			</a>
		</div>
		
		<div class="bdpp-post-margin-content">
			
			<h2 class="bdpp-post-title">
				<a href="https://oberes-tor.de/?p=231">Künstler Enzo Soravia stellt aus</a>
			</h2>

						<div class="bdpp-post-meta bdpp-post-meta-up">
				<span class="bdpp-post-meta-data bdpp-post-date"><i class="bdpp-fa fa-regular fa-clock"></i>19. September 2022</span>			</div>
						<div class="bdpp-post-content">
				<div class="bdpp-post-desc">In der Galerie der Ferienwohnung befindet sich die aktuelle Ausstellung des lokalen Künstlers Enzo Soravia die Sie während Ihres Aufenthalts bewundern können</div>
								<a href="https://oberes-tor.de/?p=231" class="bdpp-rdmr-btn">Weiterlesen</a>
							</div>
					</div>
	</div>
</div><div class="bdpp-post-grid bdpp-col-3 bdpp-columns bdpp-post-155 bdpp-post-standard bdpp-has-thumb">
	<div class="bdpp-post-grid-content">
				<div class="bdpp-post-img-bg">
			<a href="https://oberes-tor.de/?p=155">
				<img decoding="async" src="https://oberes-tor.de/wp-content/uploads/2022/09/home3-1-e1663527586611.jpg" class="bdpp-img bdpp-post-feat-img" alt="Unsere Wünsche" />
			</a>
		</div>
		
		<div class="bdpp-post-margin-content">
			
			<h2 class="bdpp-post-title">
				<a href="https://oberes-tor.de/?p=155">Unsere Wünsche</a>
			</h2>

						<div class="bdpp-post-meta bdpp-post-meta-up">
				<span class="bdpp-post-meta-data bdpp-post-date"><i class="bdpp-fa fa-regular fa-clock"></i>18. September 2022</span>			</div>
						<div class="bdpp-post-content">
				<div class="bdpp-post-desc">Wir wünschen Ihnen einen wunderschönen Aufenthalt bei uns im Haus. Wir möchten Sie bitten, sich an folgende Maßnahmen zu halten Für alle Fragen ihrerseits stehen wir selbstverständlich immer zur Verfügung.</div>
								<a href="https://oberes-tor.de/?p=155" class="bdpp-rdmr-btn">Weiterlesen</a>
							</div>
					</div>
	</div>
</div>	</div>
	</div>







<h1>Sehenswürdigkeiten</h1>



<div style="text-align: left;"><span style="color: rgb(255, 255, 255);">Besichtigen Sie das wunderschöne Kloster welches Heligikreuztal seinen Namen gab.</span></div>


<p style="text-align: left;"><span style="color: rgb(255, 255, 255);">Mitten in Heiligkreuztal gelegen liegt eine Idyllische Weiheranlage die zum verweilen einladet.</span></p><p style="text-align: center;"><br></p>


<div style="text-align: left;"><font color="#ffffff">Das Heuneburgmuseum in Hundersingen ist in der ehemaligen Zehntscheuer des Klosters Heiligkreuztal untergebracht. Die Forschungsergebnisse der archäologischen Ausgrabungen auf der Heuneburg werden anschaulich dargestellt. Neue Fundstücke aus jüngst entdeckten Gräbern in der Umgebung der Heuneburg sind vor kurzem dazugekommen.</font></div>











<p style="text-align: center;"><br></p>




<p style="text-align: left;"><span style="color: rgb(255, 255, 255);">Zwischen Bussen und Schwäbischer Alb, inmitten einer Bilderbuchlandschaft mit weiten Wiesen und Feldern, liegt das traditionsreiche Städtchen Riedlingen. Liebens- und erhaltenswert: Hier fließt die Donau direkt entlang des mit Fachwerkhäusern geschmückten Stadtkerns. Die Altstadt steht beinahe vollkommen unter Denkmalschutz. Türme und Tore, stolze Bürgerhäuser, Fachwerkgiebel, schöne Plätze und verwinkelte Gassen voller Geschichte prägen das Gesicht der Donaustadt eines der schönsten in Oberschwaben.</span><br></p>


<p style="text-align: left;"><font color="#ffffff">Erleben Sie die Faszination des Mittelalters bei einem Besuch der Bachritterburg &#8211; einer einfachen Holzburg, wie sie auch ein oberschwäbischer Kleinadliger des Mittelalters bewohnt haben könnte.</font></p><p style="text-align: left;"><span style="color: rgb(255, 255, 255);">Der vollständig rekonstuierte Nachbau gibt Ihnen als Besucher, die Chance, Ihre Fantasie spielen zu lassen und als Gast des Burgherren und dessen Gefolge über den Burghof zu ziehen, in der &#8222;Guten Stube&#8220; im Burgturm am warmen Ofen zu sitzen und auch das Leben der Bauern näher kennen zu lernen.</span></p>


<p style="text-align: left;"><font color="#ffffff">Der Federseesteg, das Federseemor, das Federseemuseum, das Gesundheitszentrum Federsee, die Adelindis Therme: Und alles geht zu Fuß. Eine Promenade durch unsere kleine Stadt und einen Kaffee zwischendurch &#8211; das ist entschleunigende Lebensqualität.</font><br></p>






<h2>SO erreichen Sie uns</h2>
<h5>Eva Ströbele und Uli Hirsch</h5>










<iframe src="https://www.google.com/maps/embed?pb=!1m18!1m12!1m3!1d332.8396479949049!2d9.405172722450871!3d48.13497718608104!2m3!1f0!2f0!3f0!3m2!1i1024!2i768!4f13.1!3m3!1m2!1s0x479a3117fe42bcb7%3A0x2d67ddcc125d5b8c!2sFerienwohnung%20%22Oberes%20Tor%22!5e0!3m2!1sde!2sde!4v1663451182486!5m2!1sde!2sde" width="100%%" height="450" style="border:0;" allowfullscreen="" loading="lazy" referrerpolicy="no-referrer-when-downgrade"></iframe>
